False
Is 723681559 composite?
False
Is 222446212031 composite?
False
Is 22800337165 a prime number?
False
Is 5537154149 composite?
False
Is 62435017 prime?
False
Is 194421531 a prime number?
False
Is 4679166511 a prime number?
True
Is 112169424041 composite?
True
Is 2802220979 composite?
False
Is 891951899 a prime number?
False
Is 837865141 prime?
True
Is 140767591 prime?
True
Is 981448558 a prime number?
False
Is 1187708227 a prime number?
False
Is 734705329 a composite number?
False
Is 551825111 prime?
True
Is 240929966521 prime?
True
Is 67061479 composite?
False
Is 19696393 a prime number?
True
Is 621532787 a composite number?
True
Is 16158040279 a prime number?
True
Is 106326433 composite?
False
Is 2923119031 a composite number?
True
Is 454280023 prime?
True
Is 196459049 composite?
True
Is 3542398207 a prime number?
False
Is 39635720719 prime?
False
Is 938348959 composite?
False
Is 18439077427 prime?
False
Is 59555951579 a prime number?
False
Is 16466133143 a composite number?
False
Is 16183177441 a prime number?
False
Is 7857563453 a prime number?
True
Is 618753803 a composite number?
False
Is 11193559721 a prime number?
True
Is 516262949 a prime number?
True
Is 1166604973 a prime number?
True
Is 14021873473 a prime number?
True
Is 300441959 a composite number?
True
Is 102780255443 prime?
False
Is 3259005307 a composite number?
False
Is 22511307745 prime?
False
Is 950887411 prime?
False
Is 799402523 prime?
False
Is 922075249 a composite number?
False
Is 5352829327 prime?
False
Is 5636373073 composite?
True
Is 8226662321 prime?
False
Is 469649689 prime?
True
Is 18886913807 a composite number?
True
Is 19049180951 prime?
False
Is 104370876683 composite?
True
Is 224295403 a prime number?
False
Is 136603561663 a prime number?
False
Is 85330753 prime?
True
Is 17085578633 a composite number?
True
Is 2503418899 a prime number?
True
Is 105155143 a composite number?
True
Is 521335783 composite?
True
Is 1586147359 prime?
False
Is 8616482617 a composite number?
True
Is 237611251 a prime number?
True
Is 92303198179 composite?
False
Is 623328739 composite?
True
Is 90410908187 composite?
False
Is 2761172083 prime?
True
Is 28253083 a composite number?
False
Is 50743787459 prime?
False
Is 48783997567 prime?
True
Is 1271122219 a prime number?
True
Is 2095378589 a prime number?
True
Is 94971655799 prime?
True
Is 492075079 composite?
False
Is 60478217 a composite number?
True
Is 640490063 a prime number?
True
Is 835037947 a prime number?
True
Is 216175147 composite?
True
Is 6996714509 a prime number?
False
Is 155136182493 composite?
True
Is 1491332753 a prime number?
True
Is 28609341559 prime?
False
Is 480508547 composite?
True
Is 22626991139 a composite number?
False
Is 96987301 prime?
False
Is 33803329 a prime number?
False
Is 839967463 prime?
True
Is 765714199 a prime number?
True
Is 981722582 a prime number?
False
Is 5896473257 prime?
True
Is 2620321243 a composite number?
True
Is 7729621511 composite?
False
Is 176028221 a composite number?
False
Is 59071887893 a composite number?
False
Is 1180264153 a composite number?
True
Is 13440055051 a prime number?
True
Is 10579446349 prime?
True
Is 51371584763 composite?
False
Is 19691862863 a prime number?
True
Is 279344953 a composite number?
False
Is 2266193473 prime?
False
Is 171956820571 prime?
True
Is 652189849 a prime number?
True
Is 2077650483 a prime number?
False
Is 23943597221 a prime number?
True
Is 63731233403 a prime number?
False
Is 5150074067 a prime number?
False
Is 959442331 a prime number?
True
Is 66091037851 a prime number?
True
Is 163750473431 composite?
False
Is 77858836841 a composite number?
False
Is 167574439 composite?
False
Is 14714855747 composite?
False
Is 189688109 a prime number?
False
Is 24435383437 a prime number?
True
Is 10328668103 a composite number?
True
Is 4672114651 a composite number?
False
Is 17072157218 composite?
True
Is 1778582959 composite?
True
Is 244433912047 a prime number?
False
Is 1779459299 prime?
False
Is 1679383697 a prime number?
True
Is 946473991 a prime number?
True
Is 168126313 a prime number?
True
Is 17794258253 composite?
True
Is 16650663097 a prime number?
True
Is 34875131573 composite?
False
Is 15715317863 a prime number?
False
Is 633941369 prime?
False
Is 6456607031 prime?
False
Is 1203381209 a prime number?
False
Is 52995488081 a composite number?
False
Is 954587803 a composite number?
True
Is 87513828659 prime?
True
Is 341844301 a prime number?
False
Is 788592643 prime?
False
Is 10164096289 composite?
True
Is 3425548039 composite?
False
Is 54229428905 a prime number?
False
Is 801981589 a prime number?
True
Is 1128916847 prime?
False
Is 653486081 a composite number?
False
Is 7607592413 a prime number?
True
Is 357934117 prime?
True
Is 1201167347 a composite number?
False
Is 2149181899 composite?
True
Is 656701889 a prime number?
True
Is 2970257657 a prime number?
True
Is 14218963 a composite number?
True
Is 991243169 a composite number?
True
Is 81319349 composite?
False
Is 17308642759 prime?
True
Is 619849873 a composite number?
True
Is 627866493 a prime number?
False
Is 1061146491 prime?
False
Is 5170832789 a prime number?
True
Is 81006987833 a prime number?
False
Is 11009280323 a prime number?
False
Is 640047805 a composite number?
True
Is 6191945149 a prime number?
False
Is 97071128149 prime?
False
Is 34507796879 composite?
False
Is 52911787013 prime?
True
Is 53692828918 prime?
False
Is 32935493021 a prime number?
True
Is 141238979351 a composite number?
False
Is 13111786717 composite?
False
Is 39425173 prime?
False
Is 12302699081 a prime number?
False
Is 233615243 prime?
False
Is 40419691205 a prime number?
False
Is 1288723211 a composite number?
False
Is 71308885261 prime?
True
Is 2300401549 prime?
True
Is 32004513913 composite?
False
Is 3496573697 composite?
False
Is 10146825119 composite?
True
Is 2850092149 a composite number?
False
Is 152970845011 a composite number?
False
Is 21602687147 composite?
False
Is 18200148749 a composite number?
True
Is 14774499431 prime?
True
Is 19841807561 composite?
False
Is 8109640027 a prime number?
True
Is 12671213437 prime?
True
Is 2906743141 a composite number?
False
Is 17448606751 prime?
True
Is 9110443847 a prime number?
True
Is 195716141717 prime?
False
Is 8936469589 a prime number?
False
Is 898335497 composite?
True
Is 20479468417 a composite number?
True
Is 7658808329 a prime number?
False
Is 3397212947 composite?
True
Is 36204082571 composite?
False
Is 6544491787 composite?
False
Is 392267461 prime?
False
Is 21923334483 a prime number?
False
Is 494835349 prime?
True
Is 760670483 prime?
True
Is 129432263 prime?
False
Is 6456208051 prime?
False
Is 36253631743 composite?
True
Is 6782257997 a prime number?
False
Is 29395419439 a prime number?
True
Is 1277059981 composite?
True
Is 46373986721 composite?
True
Is 16374109 composite?
False
Is 115523568201 a composite number?
True
Is 34564502573 composite?
False
Is 1796241229 composite?
False
Is 18330051569 prime?
True
Is 12088767767 a composite number?
True
Is 3017069179 a prime number?
True
Is 2046024473 a composite number?
True
Is 730151789 prime?
False
Is 158752287439 a composite number?
False
Is 524251087 a prime number?
False
Is 355524487 a prime number?
True
Is 36508031363 composite?
True
Is 8346791729 composite?
True
Is 71598001 a prime number?
False
Is 142213433 a prime number?
True
Is 9084470467 a prime number?
True
Is 2511280091 prime?
True
Is 4434398557 a prime number?
False
Is 2710948802 composite?
True
Is 37223798543 prime?
True
Is 323779277 composite?
True
Is 4556442281 a composite number?
False
Is 90666383 a prime number?
False
Is 293258417 a prime number?
True
Is 908391557 a composite number?
False
Is 5192422099 composite?
False
Is 5472609991 a prime number?
True
Is 3809070041 composite?
True
Is 877426187 prime?
False
Is 3135131443 a composite number?
True
Is 334010617 a prime number?
True
Is 8365948277 composite?
False
Is 3773214961 a composite number?
True
Is 529902973 a prime number?
True
Is 40161339277 composite?
False
Is 8955946771 a composite number?
True
Is 731864729 composite?
True
Is 61472047201 a composite number?
False
Is 7940434057 composite?
False
Is 5183231038 a composite number?
True
Is 845603149 composite?
False
Is 5584469117